 7*v - 130 = f*v. List the prime factors of v.
5, 13
Suppose -15*i + 14*i = -1678. What are the prime factors of i?
2, 839
What are the prime factors of (0 - 1)/(3/(-3150))?
2, 3, 5, 7
Let u(j) be the second derivative of j**5/10 - j**4/2 + 7*j**3/6 + 3*j**2/2 - 28*j. What are the prime factors of u(3)?
2, 3
Let m be (-18)/21*(-1225)/7. Let q = -90 + m. What are the prime factors of q?
2, 3, 5
Let w = -11 + 21. Let h(q) = 5*q + 18. Let p(i) = 15*i + 53. Let v(y) = -8*h(y) + 3*p(y). List the prime factors of v(w).
5, 13
Suppose -2*v - 3*t = -1, 2*t + 0*t = -3*v + 4. What are the prime factors of (1403/69)/(v/(11 + 1))?
2, 61
Suppose 1799 = -8*u + 9*u - 2*c, -4*c - 17926 = -10*u. What are the prime factors of u?
3, 199
What are the prime factors of (-55 - -318) + 1*-7?
2
Let s(i) = -i**2 + 2*i + 3*i - 73 + 70 + 0*i. List the prime factors of s(3).
3
Suppose -5*w + 11 = -4*w - 3*h, 3*w - 3*h = 15. Suppose 5*j - 465 = -o + 321, -w*o = 5*j - 782. List the prime factors of j.
2, 79
Suppose 12*k = 8*k + 16. Suppose 5*g + 188 = k*r + 619, 2 = 2*r. What are the prime factors of g?
3, 29
Let l = -457 + 1764. What are the prime factors of l?
1307
Suppose -42*o = -11*o - 38533. What are the prime factors of o?
11, 113
What are the prime factors of (-1 - 0)/((-1)/1790)?
2, 5, 179
Let n(o) = o**3 + 5*o**2 - 7. Let d be n(-5). Let b be (-126)/d*(-4)/(-6). Suppose -75 = 9*j - b*j. List the prime factors of j.
5
Let k(c) be the first derivative of 3*c**2 - 18*c - 1. Let a(o) = 2*o - 16. Let h be a(12). List the prime factors of k(h).
2, 3, 5
Suppose 0 = -b + 2*u - 2, -b + 2 = b - u. Suppose b*j = -0*j - 4*a + 106, -3*j + 129 = -4*a. Let n = j + -21. List the prime factors of n.
2, 13
Suppose -12356 = -21*x - 4460. List the prime factors of x.
2, 47
Let r(q) = 2*q + 1. Let s be r(-2). Let d = 3 - s. What are the prime factors of 4/d + (-110)/(-6)?
19
Let b(o) = 162*o**3 + 2*o**2 - 4*o + 6. Let a be b(2). Suppose -15*k + a = -9*k. What are the prime factors of k?
7, 31
List the prime factors of 11 - 40/10 - -1439.
2, 3, 241
Let s = 188 - 83. Let r = s - 3. What are the prime factors of r?
2, 3, 17
Suppose 89596 = 30*p + 15826. What are the prime factors of p?
2459
Suppose 8*g = -v + 4*g + 515, 5*v = 5*g + 2500. List the prime factors of v.
503
Suppose -9361 - 12987 = -37*o. List the prime factors of o.
2, 151
Let u = -2042 + 4543. List the prime factors of u.
41, 61
Let k be -68*((-18)/4 + 4). Let p = k - 20. What are the prime factors of p?
2, 7
Let r = 41 - 24. Suppose -3*o = -4*o. Suppose 4*q - 3*q - r = o. List the prime factors of q.
17
What are the prime factors of (-1783)/(-4) - 27/36?
5, 89
Suppose 14*d - 9*d - 15 = 0. Suppose 4*a = 3*u - 847, 0 = 4*a + d*u + 421 + 396. What are the prime factors of a/(-7) - (-6)/21?
2, 3, 5
Let b(s) = -s**3 + 26*s**2 - 32*s - 19. List the prime factors of b(24).
5, 73
Suppose 0 = 23*r - 35*r + 48. Let c be 4/18 + 600/(-27). What are the prime factors of r/22 + (-326)/c?
3, 5
Let n(z) = -5*z - 10. Let x be n(-7). Suppose -y = 3*m - 34, 0 = 5*m - 0*m + x. List the prime factors of y.
7
Let y(d) = -d**2 + 4*d + 24. Let w be y(-3). Suppose 312 = 5*j - w*j. What are the prime factors of j?
2, 3, 13
What are the prime factors of -409*1*(26 + -27)?
409
Let c(b) = 8*b**2 + 8*b + 50. List the prime factors of c(-7).
2, 193
Let q(u) = -36*u + 15*u + 12*u + 1. List the prime factors of q(-3).
2, 7
Let z be (10/6)/(4/144). Let i = z + 35. List the prime factors of i.
5, 19
Suppose l - b = -7, -4*b + 4 + 14 = -3*l. Let z(h) = -h + 33. What are the prime factors of z(l)?
43
Let q(n) be the second derivative of -5*n**3/6 + 5*n**2/2 - 10*n. Let x be q(9). Let m = 68 + x. List the prime factors of m.
2, 7
Suppose -3*f - 4*a - 104 = -5*f, -3*f + 2*a = -144. Let i = -17 + f. What are the prime factors of i?
29
Let v(m) = -2*m + 2. Let g = -18 + 29. Suppose -4*x + g = 5*u, 0 = -x + 3*u - 12 + 2. What are the prime factors of v(x)?
2
Suppose -h = 4*g + 43, 5*g + 70 = -2*h + 4*h. Let b = -91 - -132. Let r = b + g. What are the prime factors of r?
29
List the prime factors of (9/12)/(6/8)*605.
5, 11
Let w(d) = d**2 + d. Let k = 12 + -15. Let o be w(k). Suppose 2*x - o = 12. List the prime factors of x.
3
Let r(k) = k**2 - 2*k + 1. Let f be r(3). Suppose j = -3*s - 12, -22 + f = 5*j + s. What are the prime factors of 0 + (-42)/(j + 2)?
2, 3, 7
Let m be 2/9 - 880/(-9). Let q be (-5)/2*m/(-7). What are the prime factors of (14/q)/(3/270)?
2, 3
Let o(v) = -40*v + 21*v - 48*v - 24*v - 1. What are the prime factors of o(-1)?
2, 3, 5
Let b = 32 - 28. Suppose 0 = b*z - 8 - 56. What are the prime factors of z?
2
Let v be (-895)/(-15)*(1 + 2). Suppose w = -3*b + 114, -2*b - 3*b + 2*w + v = 0. List the prime factors of b.
37
Let u = 187 + -391. List the prime factors of u/(-6) - (-4)/2.
2, 3
Let q(i) = 740*i**3 - 3*i**2 + i + 1. List the prime factors of q(1).
739
Suppose 4*c = -15 + 1015. Suppose c = q - 5*i + 9, 0 = -i - 5. List the prime factors of q.
2, 3
Let k = 89 - 59. Let p be ((-72)/20)/(9/k). Let q = p - -40. List the prime factors of q.
2, 7
Let f(o) = 3*o**2 + 17*o - 65. What are the prime factors of f(4)?
3, 17
Let s(m) = -51*m**3 + 4*m**2 - 10. What are the prime factors of s(-3)?
23, 61
Let d be (-72)/10*2480/(-32). What are the prime factors of 2/(-13) + d/78?
7
Let l be (24/(-10))/6 + 197/5. Let o = l - 18. List the prime factors of o.
3, 7
Let p = 467 - 179. List the prime factors of p.
2, 3
Suppose -3*h + 3*s + 1670 = 2*h, h - 5*s = 312. What are the prime factors of h?
337
Let b(q) = q**3 - 6*q**2 - 3*q + 9. Suppose 4*r + 2*p - 22 = 0, 4*p + 4 + 12 = 2*r. Let w be b(r). Let m = w + 12. List the prime factors of m.
3
Let k(i) = -i**2 - 8*i - 2. Let w be k(-7). Suppose -3*t = -2 + w. Let z = t + 8. List the prime factors of z.
7
Let m be (-6)/36 - 49/(-6). What are the prime factors of (m/(-6))/((-10)/15)?
2
Let h = -17 - -17. Suppose h = -d + 21 + 3. Suppose 0 = o - d. What are the prime factors of o?
2, 3
Let y be 3*1*58/(-6). Suppose 14 = -15*q - 16. Let o = q - y. List the prime factors of o.
3
Suppose 9954 = 9*c - 3042. What are the prime factors of c?
2, 19
Let s(r) = 16*r. Let n be s(4). What are the prime factors of n/(3 - (-1 + 3))?
2
Let c(v) = -2*v**2 + 8*v - 1. Let t(u) = 2*u**2 - 8*u + 2. Let s(f) = 2*c(f) + 3*t(f). Let y be s(4). Suppose y*j - 115 = 169. What are the prime factors of j?
71
Suppose 106418 = 34*t + 16454. What are the prime factors of t?
2, 3, 7
Let z(k) = 28*k**3 + 10*k**2 - 18*k - 22. List the prime factors of z(4).
2, 929
Let a(q) = -q**3 - 12*q**2 - 5*q - 17. Let v be a(-12). Suppose -5*g - v = 47. Let x = 42 + g. List the prime factors of x.
2, 3
Let p be 1038/9 - 2/9*-3. Let i = -73 + p. List the prime factors of i.
43
Suppose 0*i - 3*i = 4*d + 14, -2*d = 5*i. Suppose -i*a + b - 133 = -5, a - 3*b = -54. What are the prime factors of (12/(-8) - -1)*a?
3, 11
Suppose 0 = -i - 5*k + 18, i + 3 = -3*k + 5*k. Suppose -81 = -4*a + i. Let n = -13 + a. What are the prime factors of n?
2
List the prime factors of 2/10 - 15152/(-40).
379
List the prime factors of ((-12)/(-9))/(-6 - (-154528)/25752).
2, 29, 37
List the prime factors of 1581/102*(32 - 4).
2, 7, 31
What are the prime factors of (-3305)/(-9) + 4/54*-3?
367
Suppose 2*z = -3*c + 24, -5*c - 3*z = -5*z - 24. Suppose -c*y + 55 = -y. What are the prime factors of y?
11
Let u(p) be the second derivative of -p**5/10 - p**3/3 - 5*p**2/2 + 8*p. List the prime factors of u(-4).
131
Let u(a) = -4*a**2 - 11*a + 25. Let n(j) = 5*j**2 + 10*j - 24. Let v(k) = -5*n(k) - 6*u(k). What are the prime factors of v(13)?
3
Let p be ((-90)/25)/(3/10). What are the prime factors of p/2*153/(-18)?
3, 17
Let o(j) = 15*j + 3 - 1 - 21*j. List the prime factors of o(0).
2
Suppose d + 1 = u, d - 14 = -u - 7. Let x be (-531)/15 - (-4)/10. What are the prime factors of u - x*(-2 - -3)?
3, 13
Let k(b) = 11*b**2 - 10*b**2 - 1 + b + 6. Let q be k(0). What are the prime factors of 12/q - (-6)/(-15)?
2
Let p(z) = -352*z + 40. What are the prime factors of p(-3)?
2, 137
Let v(l) = 177*l**2 - 2*l - 2. Let j be (-6)/8 - (-4)/(-16). List the prime factors of v(j).
3, 59
Suppose 0 = 2*m + 2*m. Suppose 5*q + m*x - 169 = -4*x, 5*q - 163 = 2*x. Suppose -5*o = -0*o - 4*r - q, 5*o = 5*r + 35. 